{"id":3500,"date":"2023-10-24T00:55:41","date_gmt":"2023-10-23T22:55:41","guid":{"rendered":"http:\/\/brzydkie.oknaidrzwi.eu\/?page_id=3500"},"modified":"2023-10-26T11:27:57","modified_gmt":"2023-10-26T09:27:57","slug":"markizy","status":"publish","type":"page","link":"https:\/\/oknaidrzwi.eu\/index.php\/markizy\/","title":{"rendered":"Markizy"},"content":{"rendered":"\t\t<div data-elementor-type=\"wp-page\" data-elementor-id=\"3500\" class=\"elementor elementor-3500\" data-elementor-post-type=\"page\">\n\t\t\t\t\t\t<section class=\"elementor-section elementor-top-section elementor-element elementor-element-6ef7d69 elementor-section-boxed elementor-section-height-default elementor-section-height-default\" data-id=\"6ef7d69\" data-element_type=\"section\">\n\t\t\t\t\t\t<div class=\"elementor-container elementor-column-gap-default\">\n\t\t\t\t\t<div class=\"elementor-column elementor-col-100 elementor-top-column elementor-element elementor-element-8a882b3\" data-id=\"8a882b3\" data-element_type=\"column\">\n\t\t\t<div class=\"elementor-widget-wrap elementor-element-populated\">\n\t\t\t\t\t\t<div class=\"elementor-element elementor-element-1e4771f elementor-widget elementor-widget-heading\" data-id=\"1e4771f\" data-element_type=\"widget\" data-widget_type=\"heading.default\">\n\t\t\t\t<div class=\"elementor-widget-container\">\n\t\t\t\t\t<h1 class=\"elementor-heading-title elementor-size-default\"><b>markizy<\/b><\/h1>\t\t\t\t<\/div>\n\t\t\t\t<\/div>\n\t\t\t\t\t<\/div>\n\t\t<\/div>\n\t\t\t\t\t<\/div>\n\t\t<\/section>\n\t\t\t\t<section class=\"elementor-section elementor-top-section elementor-element elementor-element-55919d3 elementor-section-full_width elementor-section-height-default elementor-section-height-default\" data-id=\"55919d3\" data-element_type=\"section\">\n\t\t\t\t\t\t<div class=\"elementor-container elementor-column-gap-default\">\n\t\t\t\t\t<div class=\"elementor-column elementor-col-100 elementor-top-column elementor-element elementor-element-b1c4526\" data-id=\"b1c4526\" data-element_type=\"column\">\n\t\t\t<div class=\"elementor-widget-wrap elementor-element-populated\">\n\t\t\t\t\t\t<div class=\"elementor-element elementor-element-7019e72 elementor-widget elementor-widget-image\" data-id=\"7019e72\" data-element_type=\"widget\" data-settings=\"{&quot;motion_fx_motion_fx_scrolling&quot;:&quot;yes&quot;,&quot;motion_fx_devices&quot;:[&quot;desktop&quot;,&quot;tablet&quot;,&quot;mobile&quot;]}\" data-widget_type=\"image.default\">\n\t\t\t\t<div class=\"elementor-widget-container\">\n\t\t\t\t\t\t\t\t\t\t\t\t\t\t\t<img fetchpriority=\"high\" decoding=\"async\" width=\"2362\" height=\"1409\" src=\"https:\/\/oknaidrzwi.eu\/wp-content\/uploads\/2023\/10\/ADAGIO_16.jpg\" class=\"attachment-full size-full wp-image-3837\" alt=\"\" srcset=\"https:\/\/oknaidrzwi.eu\/wp-content\/uploads\/2023\/10\/ADAGIO_16.jpg 2362w, https:\/\/oknaidrzwi.eu\/wp-content\/uploads\/2023\/10\/ADAGIO_16-300x179.jpg 300w, https:\/\/oknaidrzwi.eu\/wp-content\/uploads\/2023\/10\/ADAGIO_16-1024x611.jpg 1024w, https:\/\/oknaidrzwi.eu\/wp-content\/uploads\/2023\/10\/ADAGIO_16-768x458.jpg 768w, https:\/\/oknaidrzwi.eu\/wp-content\/uploads\/2023\/10\/ADAGIO_16-1536x916.jpg 1536w, https:\/\/oknaidrzwi.eu\/wp-content\/uploads\/2023\/10\/ADAGIO_16-2048x1222.jpg 2048w\" sizes=\"(max-width: 2362px) 100vw, 2362px\" \/>\t\t\t\t\t\t\t\t\t\t\t\t\t\t\t<\/div>\n\t\t\t\t<\/div>\n\t\t\t\t\t<\/div>\n\t\t<\/div>\n\t\t\t\t\t<\/div>\n\t\t<\/section>\n\t\t\t\t<section class=\"elementor-section elementor-top-section elementor-element elementor-element-d91ea65 elementor-section-boxed elementor-section-height-default elementor-section-height-default\" data-id=\"d91ea65\" data-element_type=\"section\">\n\t\t\t\t\t\t<div class=\"elementor-container elementor-column-gap-default\">\n\t\t\t\t\t<div class=\"elementor-column elementor-col-50 elementor-top-column elementor-element elementor-element-62db5fc\" data-id=\"62db5fc\" data-element_type=\"column\">\n\t\t\t<div class=\"elementor-widget-wrap elementor-element-populated\">\n\t\t\t\t\t\t<section class=\"elementor-section elementor-inner-section elementor-element elementor-element-1d01014 elementor-section-boxed elementor-section-height-default elementor-section-height-default\" data-id=\"1d01014\" data-element_type=\"section\">\n\t\t\t\t\t\t<div class=\"elementor-container elementor-column-gap-default\">\n\t\t\t\t\t<div class=\"elementor-column elementor-col-100 elementor-inner-column elementor-element elementor-element-d9a1894\" data-id=\"d9a1894\" data-element_type=\"column\">\n\t\t\t<div class=\"elementor-widget-wrap elementor-element-populated\">\n\t\t\t\t\t\t\t<\/div>\n\t\t<\/div>\n\t\t\t\t\t<\/div>\n\t\t<\/section>\n\t\t\t\t<div class=\"elementor-element elementor-element-a65c097 elementor-widget__width-initial e-transform elementor-widget elementor-widget-text-editor\" data-id=\"a65c097\" data-element_type=\"widget\" data-settings=\"{&quot;_transform_translateX_effect&quot;:{&quot;unit&quot;:&quot;px&quot;,&quot;size&quot;:&quot;&quot;,&quot;sizes&quot;:[]},&quot;_transform_translateX_effect_tablet&quot;:{&quot;unit&quot;:&quot;px&quot;,&quot;size&quot;:&quot;&quot;,&quot;sizes&quot;:[]},&quot;_transform_translateX_effect_mobile&quot;:{&quot;unit&quot;:&quot;px&quot;,&quot;size&quot;:&quot;&quot;,&quot;sizes&quot;:[]},&quot;_transform_translateY_effect&quot;:{&quot;unit&quot;:&quot;px&quot;,&quot;size&quot;:&quot;&quot;,&quot;sizes&quot;:[]},&quot;_transform_translateY_effect_tablet&quot;:{&quot;unit&quot;:&quot;px&quot;,&quot;size&quot;:&quot;&quot;,&quot;sizes&quot;:[]},&quot;_transform_translateY_effect_mobile&quot;:{&quot;unit&quot;:&quot;px&quot;,&quot;size&quot;:&quot;&quot;,&quot;sizes&quot;:[]}}\" data-widget_type=\"text-editor.default\">\n\t\t\t\t<div class=\"elementor-widget-container\">\n\t\t\t\t\t\t\t\t\t<div><p style=\"text-align: center;\"><span style=\"background-color: var( --e-global-color-50b259d );\">Cz\u0119sto buduj\u0105c dom nie mamy mo\u017cliwo\u015bci, b\u0105d\u017a zapomnieli\u015bmy wykona\u0107 zadaszenia tarasu. W trakcie u\u017cytkowania domu od wiosny do jesieni, zauwa\u017camy, \u017ce jest to miejsce w kt\u00f3rym najch\u0119tniej by\u015bmy przebywali, gdyby nie to s\u0142o\u0144ce. Nie wszystko jeszcze stracone. W takiej sytuacji zamontowanie markizy rozwi\u0105zuje nasz dotychczasowy problem.<\/span><\/p><p style=\"text-align: center;\">\u00a0<\/p><\/div>\t\t\t\t\t\t\t\t<\/div>\n\t\t\t\t<\/div>\n\t\t\t\t\t<\/div>\n\t\t<\/div>\n\t\t\t\t<div class=\"elementor-column elementor-col-50 elementor-top-column elementor-element elementor-element-e820e41\" data-id=\"e820e41\" data-element_type=\"column\">\n\t\t\t<div class=\"elementor-widget-wrap elementor-element-populated\">\n\t\t\t\t\t\t<div class=\"elementor-element elementor-element-ca45d2f elementor-widget elementor-widget-image\" data-id=\"ca45d2f\" data-element_type=\"widget\" data-widget_type=\"image.default\">\n\t\t\t\t<div class=\"elementor-widget-container\">\n\t\t\t\t\t\t\t\t\t\t\t\t\t\t\t<img decoding=\"async\" width=\"800\" height=\"680\" src=\"https:\/\/oknaidrzwi.eu\/wp-content\/uploads\/2023\/10\/ADAGIO_27-1024x870.jpg\" class=\"attachment-large size-large wp-image-3838\" alt=\"\" srcset=\"https:\/\/oknaidrzwi.eu\/wp-content\/uploads\/2023\/10\/ADAGIO_27-1024x870.jpg 1024w, https:\/\/oknaidrzwi.eu\/wp-content\/uploads\/2023\/10\/ADAGIO_27-300x255.jpg 300w, https:\/\/oknaidrzwi.eu\/wp-content\/uploads\/2023\/10\/ADAGIO_27-768x653.jpg 768w, https:\/\/oknaidrzwi.eu\/wp-content\/uploads\/2023\/10\/ADAGIO_27-1536x1306.jpg 1536w, https:\/\/oknaidrzwi.eu\/wp-content\/uploads\/2023\/10\/ADAGIO_27.jpg 1920w\" sizes=\"(max-width: 800px) 100vw, 800px\" \/>\t\t\t\t\t\t\t\t\t\t\t\t\t\t\t<\/div>\n\t\t\t\t<\/div>\n\t\t\t\t\t<\/div>\n\t\t<\/div>\n\t\t\t\t\t<\/div>\n\t\t<\/section>\n\t\t\t\t<section class=\"elementor-section elementor-top-section elementor-element elementor-element-6bcbd07 elementor-section-boxed elementor-section-height-default elementor-section-height-default\" data-id=\"6bcbd07\" data-element_type=\"section\">\n\t\t\t\t\t\t<div class=\"elementor-container elementor-column-gap-default\">\n\t\t\t\t\t<div class=\"elementor-column elementor-col-50 elementor-top-column elementor-element elementor-element-35bd31a\" data-id=\"35bd31a\" data-element_type=\"column\">\n\t\t\t<div class=\"elementor-widget-wrap elementor-element-populated\">\n\t\t\t\t\t\t<div class=\"elementor-element elementor-element-d9d9035 elementor-widget elementor-widget-image\" data-id=\"d9d9035\" data-element_type=\"widget\" data-widget_type=\"image.default\">\n\t\t\t\t<div class=\"elementor-widget-container\">\n\t\t\t\t\t\t\t\t\t\t\t\t\t\t\t<img decoding=\"async\" width=\"800\" height=\"600\" src=\"https:\/\/oknaidrzwi.eu\/wp-content\/uploads\/2023\/10\/ADAGIO_1-2-1024x768.jpg\" class=\"attachment-large size-large wp-image-3840\" alt=\"\" srcset=\"https:\/\/oknaidrzwi.eu\/wp-content\/uploads\/2023\/10\/ADAGIO_1-2-1024x768.jpg 1024w, https:\/\/oknaidrzwi.eu\/wp-content\/uploads\/2023\/10\/ADAGIO_1-2-300x225.jpg 300w, https:\/\/oknaidrzwi.eu\/wp-content\/uploads\/2023\/10\/ADAGIO_1-2-768x576.jpg 768w, https:\/\/oknaidrzwi.eu\/wp-content\/uploads\/2023\/10\/ADAGIO_1-2-1536x1152.jpg 1536w, https:\/\/oknaidrzwi.eu\/wp-content\/uploads\/2023\/10\/ADAGIO_1-2.jpg 1920w\" sizes=\"(max-width: 800px) 100vw, 800px\" \/>\t\t\t\t\t\t\t\t\t\t\t\t\t\t\t<\/div>\n\t\t\t\t<\/div>\n\t\t\t\t\t<\/div>\n\t\t<\/div>\n\t\t\t\t<div class=\"elementor-column elementor-col-50 elementor-top-column elementor-element elementor-element-18dcd4d\" data-id=\"18dcd4d\" data-element_type=\"column\">\n\t\t\t<div class=\"elementor-widget-wrap elementor-element-populated\">\n\t\t\t\t\t\t<section class=\"elementor-section elementor-inner-section elementor-element elementor-element-8e00f3f elementor-section-boxed elementor-section-height-default elementor-section-height-default\" data-id=\"8e00f3f\" data-element_type=\"section\">\n\t\t\t\t\t\t<div class=\"elementor-container elementor-column-gap-default\">\n\t\t\t\t\t<div class=\"elementor-column elementor-col-100 elementor-inner-column elementor-element elementor-element-a72b4a6\" data-id=\"a72b4a6\" data-element_type=\"column\">\n\t\t\t<div class=\"elementor-widget-wrap elementor-element-populated\">\n\t\t\t\t\t\t<div class=\"elementor-element elementor-element-ce09a5c elementor-widget elementor-widget-text-editor\" data-id=\"ce09a5c\" data-element_type=\"widget\" data-widget_type=\"text-editor.default\">\n\t\t\t\t<div class=\"elementor-widget-container\">\n\t\t\t\t\t\t\t\t\t<p>Firma Wies\u0142aw Soko\u0142owski posiada w swej ofercie pe\u0142n\u0105 gam\u0119 markiz tarasowych. Od najprostszych o ma\u0142ych wysi\u0119gach do markiz wielkogabarytowych z mo\u017cliwo\u015bci\u0105 zakrycia nawet kilkudziesi\u0119ciu metr\u00f3w kwadratowych tarasu. Markizy mo\u017cna montowa\u0107 do \u015bciany, sufitu oraz do krokwi. Wszystkie oferowane typy markiz mo\u017cna obs\u0142ugiwa\u0107 za pomoc\u0105 korby lub te\u017c zastosowa\u0107 nap\u0119d elektryczny, kt\u00f3ry w po\u0142\u0105czeniu z automatyk\u0105 wiatrowo-s\u0142oneczn\u0105 zapewni odpowiedni komfort i bezpiecze\u0144stwo.<br><\/p>\t\t\t\t\t\t\t\t<\/div>\n\t\t\t\t<\/div>\n\t\t\t\t\t<\/div>\n\t\t<\/div>\n\t\t\t\t\t<\/div>\n\t\t<\/section>\n\t\t\t\t\t<\/div>\n\t\t<\/div>\n\t\t\t\t\t<\/div>\n\t\t<\/section>\n\t\t\t\t<section class=\"elementor-section elementor-top-section elementor-element elementor-element-c6e0805 elementor-section-boxed elementor-section-height-default elementor-section-height-default\" data-id=\"c6e0805\" data-element_type=\"section\">\n\t\t\t\t\t\t<div class=\"elementor-container elementor-column-gap-default\">\n\t\t\t\t\t<div class=\"elementor-column elementor-col-50 elementor-top-column elementor-element elementor-element-5e54f76\" data-id=\"5e54f76\" data-element_type=\"column\">\n\t\t\t<div class=\"elementor-widget-wrap elementor-element-populated\">\n\t\t\t\t\t\t<div class=\"elementor-element elementor-element-7f6459e elementor-widget elementor-widget-image\" data-id=\"7f6459e\" data-element_type=\"widget\" data-widget_type=\"image.default\">\n\t\t\t\t<div class=\"elementor-widget-container\">\n\t\t\t\t\t\t\t\t\t\t\t\t\t\t\t<img loading=\"lazy\" decoding=\"async\" width=\"800\" height=\"547\" src=\"https:\/\/oknaidrzwi.eu\/wp-content\/uploads\/2023\/10\/MEZZO_2-12-1024x700.jpg\" class=\"attachment-large size-large wp-image-3858\" alt=\"\" srcset=\"https:\/\/oknaidrzwi.eu\/wp-content\/uploads\/2023\/10\/MEZZO_2-12-1024x700.jpg 1024w, https:\/\/oknaidrzwi.eu\/wp-content\/uploads\/2023\/10\/MEZZO_2-12-300x205.jpg 300w, https:\/\/oknaidrzwi.eu\/wp-content\/uploads\/2023\/10\/MEZZO_2-12-768x525.jpg 768w, https:\/\/oknaidrzwi.eu\/wp-content\/uploads\/2023\/10\/MEZZO_2-12-1536x1050.jpg 1536w, https:\/\/oknaidrzwi.eu\/wp-content\/uploads\/2023\/10\/MEZZO_2-12.jpg 1920w\" sizes=\"(max-width: 800px) 100vw, 800px\" \/>\t\t\t\t\t\t\t\t\t\t\t\t\t\t\t<\/div>\n\t\t\t\t<\/div>\n\t\t\t\t<div class=\"elementor-element elementor-element-41b2319 elementor-widget__width-initial elementor-widget elementor-widget-image\" data-id=\"41b2319\" data-element_type=\"widget\" data-widget_type=\"image.default\">\n\t\t\t\t<div class=\"elementor-widget-container\">\n\t\t\t\t\t\t\t\t\t\t\t\t\t\t\t<img loading=\"lazy\" decoding=\"async\" width=\"800\" height=\"543\" src=\"https:\/\/oknaidrzwi.eu\/wp-content\/uploads\/2023\/10\/treMOLo_12.jpg\" class=\"attachment-large size-large wp-image-3854\" alt=\"\" srcset=\"https:\/\/oknaidrzwi.eu\/wp-content\/uploads\/2023\/10\/treMOLo_12.jpg 935w, https:\/\/oknaidrzwi.eu\/wp-content\/uploads\/2023\/10\/treMOLo_12-300x204.jpg 300w, https:\/\/oknaidrzwi.eu\/wp-content\/uploads\/2023\/10\/treMOLo_12-768x522.jpg 768w\" sizes=\"(max-width: 800px) 100vw, 800px\" \/>\t\t\t\t\t\t\t\t\t\t\t\t\t\t\t<\/div>\n\t\t\t\t<\/div>\n\t\t\t\t\t<\/div>\n\t\t<\/div>\n\t\t\t\t<div class=\"elementor-column elementor-col-50 elementor-top-column elementor-element elementor-element-9856841\" data-id=\"9856841\" data-element_type=\"column\">\n\t\t\t<div class=\"elementor-widget-wrap elementor-element-populated\">\n\t\t\t\t\t\t<div class=\"elementor-element elementor-element-2fe0c28 elementor-widget__width-initial elementor-widget elementor-widget-text-editor\" data-id=\"2fe0c28\" data-element_type=\"widget\" data-widget_type=\"text-editor.default\">\n\t\t\t\t<div class=\"elementor-widget-container\">\n\t\t\t\t\t\t\t\t\t<p style=\"text-align: center;\">Podstawow\u0105 funkcj\u0105 markizy jest ochrona przed s\u0142o\u0144cem. Odpowiednio dobrana tkanina potrafi zredukowa\u0107 nawet do 82% promieniowania s\u0142onecznego, przechodz\u0105cego przez poszycie markizy. Do grupy kaset i p\u00f3\u0142kaset zaliczamy markizy tarasowe oraz balkonowe, kt\u00f3re dzi\u0119ki specjalnej budowie, po z\u0142o\u017ceniu chroni\u0105 w kasecie tkanin\u0119 i ramiona przed szkodliwym dzia\u0142aniem warunk\u00f3w atmosferycznych.<\/p>\t\t\t\t\t\t\t\t<\/div>\n\t\t\t\t<\/div>\n\t\t\t\t<div class=\"elementor-element elementor-element-4a8086d elementor-widget elementor-widget-image\" data-id=\"4a8086d\" data-element_type=\"widget\" data-widget_type=\"image.default\">\n\t\t\t\t<div class=\"elementor-widget-container\">\n\t\t\t\t\t\t\t\t\t\t\t\t\t\t\t<img loading=\"lazy\" decoding=\"async\" width=\"800\" height=\"545\" src=\"https:\/\/oknaidrzwi.eu\/wp-content\/uploads\/2023\/10\/treMOLo_2-1.jpg\" class=\"attachment-large size-large wp-image-3844\" alt=\"\" srcset=\"https:\/\/oknaidrzwi.eu\/wp-content\/uploads\/2023\/10\/treMOLo_2-1.jpg 915w, https:\/\/oknaidrzwi.eu\/wp-content\/uploads\/2023\/10\/treMOLo_2-1-300x204.jpg 300w, https:\/\/oknaidrzwi.eu\/wp-content\/uploads\/2023\/10\/treMOLo_2-1-768x523.jpg 768w\" sizes=\"(max-width: 800px) 100vw, 800px\" \/>\t\t\t\t\t\t\t\t\t\t\t\t\t\t\t<\/div>\n\t\t\t\t<\/div>\n\t\t\t\t\t<\/div>\n\t\t<\/div>\n\t\t\t\t\t<\/div>\n\t\t<\/section>\n\t\t\t\t<section class=\"elementor-section elementor-top-section elementor-element elementor-element-6e424b1 elementor-section-boxed elementor-section-height-default elementor-section-height-default\" data-id=\"6e424b1\" data-element_type=\"section\">\n\t\t\t\t\t\t<div class=\"elementor-container elementor-column-gap-default\">\n\t\t\t\t\t<div class=\"elementor-column elementor-col-100 elementor-top-column elementor-element elementor-element-73d50cf\" data-id=\"73d50cf\" data-element_type=\"column\">\n\t\t\t<div class=\"elementor-widget-wrap elementor-element-populated\">\n\t\t\t\t\t\t<div class=\"elementor-element elementor-element-9b09b52 elementor-widget elementor-widget-image\" data-id=\"9b09b52\" data-element_type=\"widget\" data-widget_type=\"image.default\">\n\t\t\t\t<div class=\"elementor-widget-container\">\n\t\t\t\t\t\t\t\t\t\t\t\t\t\t\t<img loading=\"lazy\" decoding=\"async\" width=\"506\" height=\"813\" src=\"https:\/\/oknaidrzwi.eu\/wp-content\/uploads\/2023\/10\/Zrzut-ekranu-2023-10-26-111721.jpg\" class=\"attachment-large size-large wp-image-3869\" alt=\"\" srcset=\"https:\/\/oknaidrzwi.eu\/wp-content\/uploads\/2023\/10\/Zrzut-ekranu-2023-10-26-111721.jpg 506w, https:\/\/oknaidrzwi.eu\/wp-content\/uploads\/2023\/10\/Zrzut-ekranu-2023-10-26-111721-187x300.jpg 187w\" sizes=\"(max-width: 506px) 100vw, 506px\" \/>\t\t\t\t\t\t\t\t\t\t\t\t\t\t\t<\/div>\n\t\t\t\t<\/div>\n\t\t\t\t<div class=\"elementor-element elementor-element-255239d elementor-widget elementor-widget-image\" data-id=\"255239d\" data-element_type=\"widget\" data-widget_type=\"image.default\">\n\t\t\t\t<div class=\"elementor-widget-container\">\n\t\t\t\t\t\t\t\t\t\t\t\t\t\t\t<img loading=\"lazy\" decoding=\"async\" width=\"505\" height=\"559\" src=\"https:\/\/oknaidrzwi.eu\/wp-content\/uploads\/2023\/10\/Zrzut-ekranu-2023-10-26-111818.jpg\" class=\"attachment-large size-large wp-image-3870\" alt=\"\" srcset=\"https:\/\/oknaidrzwi.eu\/wp-content\/uploads\/2023\/10\/Zrzut-ekranu-2023-10-26-111818.jpg 505w, https:\/\/oknaidrzwi.eu\/wp-content\/uploads\/2023\/10\/Zrzut-ekranu-2023-10-26-111818-271x300.jpg 271w\" sizes=\"(max-width: 505px) 100vw, 505px\" \/>\t\t\t\t\t\t\t\t\t\t\t\t\t\t\t<\/div>\n\t\t\t\t<\/div>\n\t\t\t\t\t<\/div>\n\t\t<\/div>\n\t\t\t\t\t<\/div>\n\t\t<\/section>\n\t\t\t\t<\/div>\n\t\t","protected":false},"excerpt":{"rendered":"<p>markizy Cz\u0119sto buduj\u0105c dom nie mamy mo\u017cliwo\u015bci, b\u0105d\u017a zapomnieli\u015bmy wykona\u0107 zadaszenia tarasu. W trakcie u\u017cytkowania domu od wiosny do jesieni, zauwa\u017camy, \u017ce jest to miejsce w kt\u00f3rym najch\u0119tniej by\u015bmy przebywali, gdyby nie to s\u0142o\u0144ce. Nie wszystko jeszcze stracone. W takiej sytuacji zamontowanie markizy rozwi\u0105zuje nasz dotychczasowy problem. \u00a0 Firma Wies\u0142aw Soko\u0142owski posiada w swej ofercie [&hellip;]<\/p>\n","protected":false},"author":1,"featured_media":0,"parent":0,"menu_order":0,"comment_status":"closed","ping_status":"closed","template":"","meta":{"footnotes":""},"class_list":["post-3500","page","type-page","status-publish","hentry"],"_links":{"self":[{"href":"https:\/\/oknaidrzwi.eu\/index.php\/wp-json\/wp\/v2\/pages\/3500","targetHints":{"allow":["GET"]}}],"collection":[{"href":"https:\/\/oknaidrzwi.eu\/index.php\/wp-json\/wp\/v2\/pages"}],"about":[{"href":"https:\/\/oknaidrzwi.eu\/index.php\/wp-json\/wp\/v2\/types\/page"}],"author":[{"embeddable":true,"href":"https:\/\/oknaidrzwi.eu\/index.php\/wp-json\/wp\/v2\/users\/1"}],"replies":[{"embeddable":true,"href":"https:\/\/oknaidrzwi.eu\/index.php\/wp-json\/wp\/v2\/comments?post=3500"}],"version-history":[{"count":40,"href":"https:\/\/oknaidrzwi.eu\/index.php\/wp-json\/wp\/v2\/pages\/3500\/revisions"}],"predecessor-version":[{"id":3886,"href":"https:\/\/oknaidrzwi.eu\/index.php\/wp-json\/wp\/v2\/pages\/3500\/revisions\/3886"}],"wp:attachment":[{"href":"https:\/\/oknaidrzwi.eu\/index.php\/wp-json\/wp\/v2\/media?parent=3500"}],"curies":[{"name":"wp","href":"https:\/\/api.w.org\/{rel}","templated":true}]}}